 remainder when u(-6) is divided by 2*(-92)/(-16)*2?
11
Suppose l - 9 = 19. Let o(p) = p**3 + 9*p**2 - 9*p - 167. Let h be o(-7). What is the remainder when 77 is divided by l/(-5)*((-3)/(-3) + h)?
21
Let a = -39 + 106. Suppose -2*y + a - 61 = 0. What is the remainder when 53 is divided by 37/y + (-130)/(-78)?
11
Suppose -2*i = -5*i + 189. Suppose 5*f + 3*a + 2*a + 540 = 0, -25 = -5*a. Let w = f - -135. Calculate the remainder when i is divided by w.
19
Let c = 498 - 213. Let u = -270 + c. Calculate the remainder when u is divided by 4.
3
Let n(s) = 103*s + 1185. What is the remainder when 474 is divided by n(-11)?
6
Let b(z) = -3*z**2 + z + 23. Let r = 119 + -116. Suppose r*p + 0*p = 0. What is the remainder when 41 is divided by b(p)?
18
Calculate the remainder when 761 is divided by 1502/(-8)*((-2280)/627 + 8/(-22)).
10
Suppose -4*v - 1062 = -3*b, 2*b - 719 = -3*v + 2*v. Suppose 0 = -9*d + b + 218. What is the remainder when 188 is divided by d?
60
Let o be (-1470)/54 - 2/(-9). Let b = -272 - -385. Let a = o + b. What is the remainder when a is divided by 44?
42
Suppose -73*v + 5865 = -58*v. What is the remainder when v is divided by 31?
19
Let b = -47 + 131. Calculate the remainder when 217 is divided by ((-1540)/b)/(1/(-3)).
52
What is the remainder when -7 + 13 + 323 - (-9)/3 is divided by 100?
32
Let a(k) = 6*k - 84. Let m be a(13). Let g = -1497 + 307. Calculate the remainder when (-2)/m + g/(-21) is divided by 15.
12
Calculate the remainder when 672 is divided by ((-9960)/(-75))/(-1 + 4 - 91/35).
8
Suppose 13*p - 30*p = -40*p + 299. Calculate the remainder when 4912 is divided by p.
11
Let v(o) = o + 57. Let j be 0/(2/2 - 0) + -7. Let m be v(j). Suppose 5*t + m = 5*a, -4*a + 17 = -2*a + t. What is the remainder when 15 is divided by a?
6
Let i(o) = o**3 - 5*o**2 + 8*o - 4. Suppose 4*s = -173*s + 708. What is the remainder when i(5) is divided by s?
0
Let y(j) be the first derivative of 4*j**3/3 + 2*j**2 + 2*j - 2. What is the remainder when 6/12*80 + (-3)/1 is divided by y(-2)?
7
Let a(x) = -61*x + 700. What is the remainder when 1795 is divided by a(11)?
26
Suppose 0 = -11*t + t + 390. Let k be (18/(-8))/(t/104). Let y(i) = i**3 + 10*i**2 + 7*i. Calculate the remainder when y(k) is divided by 35.
32
Let y(a) = -2*a**2 + 54*a + 199. Let x = -92 + 122. Let h = -93 - -147. Calculate the remainder when h is divided by y(x).
16
Let h(i) = i**3 + 4*i**2 - 34*i - 26. What is the remainder when 367 is divided by h(5)?
19
Suppose -63 = -5*s + 2*t, 3*s = -2*s + 5*t + 60. Suppose 6903 = s*n + 1209. What is the remainder when n is divided by 63?
60
Let x(r) = -r**3 - 2*r**2 + 3*r + 16. Let t be x(-4). Suppose 201 = 8*l - 3*l + j, l - 4*j = t. What is the remainder when 77 is divided by l?
37
Suppose 247*l = 11437 + 146149. Calculate the remainder when l is divided by 215.
208
Suppose 0*a = 5*a - 945. Let b = -42513 - -42529. What is the remainder when a is divided by b?
13
Suppose -5*g - 2*u = -0*u, -5*u - 27 = -g. Suppose 87 = g*y + 3*p, -4*y - 4*p = y - 228. What is the remainder when 283 is divided by y?
43
Suppose 10*y - 8887 = -8397. What is the remainder when 133 is divided by y?
35
Let g(p) = -50*p + 23. Let y be g(-15). Suppose 334 = -3*r + 5*r - 5*n, -y = -5*r - 3*n. Calculate the remainder when r is divided by 41.
34
Let d be 1568/35 - 2/(-10). Suppose -8*b + 7*b = -d. Calculate the remainder when b - (-2)/1*-2 is divided by 6.
5
Let r(s) = s**3 - 13*s**2 + 5*s + 5. Let d be r(13). What is the remainder when (0 + (-298)/5)/((-28)/d) is divided by 17?
13
Suppose -310 = -58*n + 96. Suppose -3*m + 277 = 4*v, 0 = 5*v + 4*m + m - 350. What is the remainder when v is divided by n?
4
Let b = 14 + -4. What is the remainder when (1419/44)/(6/8) is divided by b?
3
Calculate the remainder when ((-28)/(-8) + -2)/(198/24816) is divided by 22.
12
Suppose -144*y - 248*y + 9504 = -95*y. What is the remainder when 94 is divided by y?
30
Let b = -28 + 0. Let x = 1505 - 1528. Let y = x - b. What is the remainder when 58 is divided by y?
3
Let r(i) = -3*i**2 + 38*i - 133. Let h(c) = 14*c**2 - 153*c + 532. Let o(d) = -2*h(d) - 9*r(d). Calculate the remainder when 219 is divided by o(-39).
11
Let c(j) = j + 3. Let h(w) = w**3 - 8*w**2 + 22*w - 3. Let l = 194 + -190. What is the remainder when h(l) is divided by c(5)?
5
Suppose 5*z = 3*i + 223, -5*z = -3*i - i - 224. Let l(o) = -o**2 - 38*o - 162. What is the remainder when z is divided by l(-33)?
2
Let j(n) = -n**3 + n + 7. What is the remainder when 4586 is divided by j(-3)?
29
Let l be -3 + 4 - (-1 + (-1 - 0)). Suppose -5*i = 3*o - 0*o - 55, -l*i = -o - 5. What is the remainder when 36 is divided by o?
6
Let c be (-1058)/(-253) - 2/11. Suppose -5*f + h - 71 = -97, 2*h - 32 = -c*f. Calculate the remainder when 316 is divided by f.
4
Let q = -177 + 185. Suppose 0 = q*r + r - 2826. What is the remainder when r is divided by 21?
20
Let l be -2*2*(-67 + (-3 - -3)). Let g = l + -42. Suppose 0 = -13*v - 31 + g. Calculate the remainder when 89 is divided by v.
14
Let a(t) = -t**3 - 5*t**2 + 12*t + 1. Let h be a(-5). Let n = -49 - h. Calculate the remainder when 36 is divided by n.
6
Let b = -15 + 56. Calculate the remainder when b is divided by (1 - -23)*(-19)/(-342)*12 - 5.
8
Let f(r) = -7*r - 19 - 22*r + 16*r + r**2 - 19. Suppose 3*c + 32 + 6 = 2*d, 2*d + 4*c = 24. Calculate the remainder when 58 is divided by f(d).
8
Suppose 298 = -5*f - r + 2020, 3*r = f - 354. Suppose -6*d + 99 = -f. What is the remainder when d is divided by 6?
2
Suppose -178*h = -167*h - 2299. What is the remainder when h is divided by 106?
103
Suppose -21 = 23*y - 26*y. Let t(z) = z**3 - 7*z**2 + 6*z + 12. What is the remainder when t(y) is divided by 14?
12
Suppose -2*a = r - 637, -431*r + 35 = -436*r. What is the remainder when a is divided by 61?
17
Suppose -2415 - 1689 = -57*o. Let r(q) = 69*q**2 - 6*q - 2. What is the remainder when r(-2) is divided by o?
70
Let m(f) = 15*f**2 + 239*f - 96. Calculate the remainder when m(-22) is divided by 212.
210
Suppose 0 = -4*k - 2*s + 792, 0 = -4*k - k - s + 987. Let h = 14042 + -13948. What is the remainder when k is divided by h?
9
Let v(f) = -358*f - 4245. What is the remainder when 1521 is divided by v(-12)?
42
What is the remainder when 135 is divided by (-8968)/(-266) - ((-13)/(-28) + 6/(-8))?
33
Suppose 45*x + 483 = 66*x. Calculate the remainder when 28 is divided by (1 + -3)/(-4)*(x - 13).
3
Let s(d) = 2*d**2 - 16*d + 144. Let z(h) = -3*h**2 + 30*h - 287. Let c(u) = -5*s(u) - 3*z(u). What is the remainder when 282 is divided by c(-17)?
18
Let k(z) = 4*z**2 - 4*z - 812. Calculate the remainder when 545 is divided by k(-14).
13
Let t = 9941 - 9935. What is the remainder when 5332 is divided by t?
4
Suppose -972 = -6*o + 1050. Suppose 6 = 7*z - o. Calculate the remainder when 138 is divided by z.
40
Suppose 4*j = -2*z + 12, -2*j + 22 = 3*j - z. Suppose -5*g - 2*f = -278, 9*g + j*f = 4*g + 276. Calculate the remainder when 111 is divided by g.
55
Let k(o) = 2*o**2 + 23*o + 115. What is the remainder when 868 is divided by k(-6)?
35
Let s(p) = p**3 - 9*p**2 - 34*p - 13. Let b(w) = -w**2 - 6*w + 7. Let z be b(-5). Suppose -2*j = 2*j - 112. What is the remainder when j is divided by s(z)?
6
What is the remainder when 8/64 + (-162)/(-4)*(-92)/(-16) is divided by 34?
29
Let t be (-5)/20*-24 + 0 + -1. Calculate the remainder when 75 is divided by (224/140)/(t/((-75)/(-2))).
3
Let q(z) = z**3 - 19*z**2 - 92*z + 612. What is the remainder when 385 is divided by q(22)?
25
Let d(h) = 6*h**2 + 443*h - 5769. What is the remainder when d(13) is divided by 170?
154
Let i = 25 + -2. Let m(b) = -135*b**3 - 2*b - 2. Let s be m(-1). Suppose 53 = -5*d + a + 266, 3*d + 3*a - s = 0. What is the remainder when d is divided by i?
20
Suppose 0 = -4*g - 21*g + 150. Calculate the remainder when 44 is divided by ((-120)/18)/(3 + (-22)/g).
4
Suppose 207*d - 186*d = 1092. What is the remainder when 5457 is divided by d?
49
Let u = -85 - -88. Suppose 0 = 3*n + u*a - 27, 1 = 4*n - 3*a - 0. Calculate the remainder when 37 - ((-80)/(-32) - (-2)/n) is divided by 7.
6
Let l = -63 + -297. Let w = l + 486. Let g = 5 - -5. What is the remainder when w is divided by g?
6
Suppose 26*d - 5*u - 263 = 24*d, -4*u - 20 = 0. What i